0, what is 495 + -3?
492
In base 14, what is 2 - 52?
-50
In base 8, what is -151 - -1?
-150
In base 10, what is 2 + -1?
1
In base 14, what is 2 - 38?
-36
In base 5, what is 33 - -1324?
1412
In base 6, what is 1 + -3113?
-3112
In base 9, what is 110 - 2?
107
In base 11, what is -524 + 1?
-523
In base 15, what is -1 - 357?
-358
In base 12, what is -bb - -1?
-ba
In base 16, what is 1418 - 5?
1413
In base 9, what is 4 - 1024?
-1020
In base 12, what is -158 - -7?
-151
In base 10, what is -3 + 52?
49
In base 13, what is -52 - -3?
-4c
In base 2, what is 10010101 - -1?
10010110
In base 2, what is 11 - -100110?
101001
In base 10, what is -3 - -38?
35
In base 5, what is 23 + 4001?
4024
In base 16, what is -3 - -9c5?
9c2
In base 10, what is -5928 + 5?
-5923
In base 5, what is -41103 - -2?
-41101
In base 8, what is 5 - -71?
76
In base 7, what is -2 - 1013?
-1015
In base 11, what is -67 - 64?
-120
In base 6, what is -3312 + -4?
-3320
In base 3, what is 21210 - -111?
22021
In base 13, what is -4b8 - 2?
-4ba
In base 15, what is 25 - -3?
28
In base 10, what is 8 + 4?
12
In base 12, what is 0 + 2520?
2520
In base 14, what is -6978 - 3?
-697b
In base 11, what is -5 - -1823?
1819
In base 6, what is 2 - -5?
11
In base 7, what is 2 + -444?
-442
In base 6, what is 1423 + -10?
1413
In base 2, what is -1001101 - -100?
-1001001
In base 3, what is -10210 + 1?
-10202
In base 3, what is 1121 + 10?
1201
In base 6, what is -205 - -12?
-153
In base 14, what is 2 - -573?
575
In base 8, what is -4 - 3071?
-3075
In base 2, what is 101 + 111010?
111111
In base 12, what is -1 + 506?
505
In base 7, what is 562 + 230?
1122
In base 6, what is -153 - 105?
-302
In base 4, what is -10 - 111?
-121
In base 4, what is 10 + 31211?
31221
In base 13, what is -25 - -4?
-21
In base 12, what is 0 - 102?
-102
In base 4, what is 101032 + -20?
101012
In base 5, what is 2121244 + -1?
2121243
In base 7, what is 42 - 55?
-13
In base 2, what is -10011101110 + 10?
-10011101100
In base 6, what is -101 - 15?
-120
In base 5, what is 104 - 311?
-202
In base 9, what is 3 + 55?
58
In base 16, what is 2d91 - -4?
2d95
In base 16, what is -cb + -1?
-cc
In base 11, what is a3 - -4?
a7
In base 3, what is 102110 - 111?
101222
In base 15, what is -1 + -228?
-229
In base 16, what is 2 + bf?
c1
In base 2, what is -111 - 101011000?
-101011111
In base 2, what is 1010010010 - -100?
1010010110
In base 15, what is -1c + 5?
-17
In base 8, what is -1622 + 3?
-1617
In base 14, what is 30a - 2?
308
In base 13, what is -20 - 15?
-35
In base 7, what is 4566 - -5?
4604
In base 10, what is 17382 + 2?
17384
In base 10, what is -1342 + 5?
-1337
In base 15, what is 1 + 80?
81
In base 11, what is 6 - 40?
-35
In base 10, what is 1650 + -27?
1623
In base 10, what is -27 + -57?
-84
In base 2, what is -1011001000001 + 0?
-1011001000001
In base 15, what is 1 + 12?
13
In base 10, what is 0 + 41?
41
In base 11, what is -1a45 + -2?
-1a47
In base 5, what is 121 - 0?
121
In base 15, what is -97 - 0?
-97
In base 5, what is 124133 - 1?
124132
In base 10, what is -9 + 19?
10
In base 4, what is -113 + -1233?
-2012
In base 13, what is 5 + 34?
39
In base 16, what is 2cd + -1?
2cc
In base 4, what is 1003 - -1331?
3000
In base 12, what is 0 + -872?
-872
In base 2, what is 1110 - 1110?
0
In base 4, what is -311023 - 10?
-311033
In base 3, what is 1011012 + -20?
1010222
In base 5, what is 1331 - -102?
1433
In base 13, what is -1 + 3?
2
In base 11, what is 3 + 173?
176
In base 6, what is 0 + -30?
-30
In base 3, what is 1 - -1211022?
1211100
In base 11, what is 3a8 + -4?
3a4
In base 16, what is 83 - -5?
88
In base 12, what is -614a + -2?
-6150
In base 2, what is -11110 + 100?
-11010
In base 7, what is 4021 - -2?
4023
In base 6, what is 154 - 22?
132
In base 13, what is -3c2 - -8?
-3b7
In base 5, what is -121 + -12?
-133
In base 2, what is -1100 + -10111?
-100011
In base 8, what is 4 - 140?
-134
In base 11, what is 5 - -39?
43
In base 14, what is -6 - 1?
-7
In base 3, what is 222102 + 0?
222102
In base 2, what is 1110100 + 1011?
1111111
In base 13, what is 1 - -315?
316
In base 4, what is -11 - 1322?
-1333
In base 13, what is -b + 90?
82
In base 3, what is 2 + 100111?
100120
In base 10, what is -2 + 2609?
2607
In base 5, what is -10 + -22?
-32
In base 7, what is 2 + 10622?
10624
In base 7, what is 243 - 40?
203
In base 2, what is 10000000 - -100?
10000100
In base 5, what is -4 + -3?
-12
In base 2, what is -1000001000110 + -1010?
-1000001010000
In base 3, what is 221 + 10?
1001
In base 12, what is 74b + 12?
761
In base 4, what is 3313 - 2?
3311
In base 10, what is -1798 - 0?
-1798
In base 4, what is -23 - 120?
-203
In base 7, what is -122 - -16?
-103
In base 2, what is -10 - -10011010?
10011000
In base 8, what is 402 - 6?
374
In base 3, what is -1 + -2220222?
-2221000
In base 9, what is 0 - 265?
-265
In base 2, what is -1000 - -1101?
101
In base 4, what is -211200 - -1?
-211133
In base 5, what is -3 - 1300?
-1303
In base 3, what is -200020 - -11?
-200002
In base 12, what is 12 + -56?
-44
In base 4, what is -11 - -12023?
12012
In base 5, what is -2 + 402?
400
In base 9, what is -234 - 71?
-315
In base 6, what is -1 + 441?
440
In base 8, what is 7 + -105?
-76
In base 5, what is 2 + -4220?
-4213
In base 6, what is -33 - 555?
-1032
In base 13, what is -5b4 - 9?
-5c0
In base 3, what is 201 + -2020?
-1112
In base 10, what is 2 + 61?
63
In base 7, what is 2 - -63?
65
In base 13, what is -4 - 32?
-36
In base 2, what is 1000 - -10000?
11000
In base 9, what is -30 + -4?
-34
In base 11, what is -6 - -16?
10
In base 4, what is 13130 + -23?
13101
In base 11, what is -1532 - -1?
-1531
In base 10, what is 14035 - -3?
14038
In base 13, what is 77 + -31?
46
In base 14, what is 1959 - -4?
195d
In base 7, what is -261 + 0?
-261
In base 5, what is -2 + -12441?
-12443
In base 3, what is 0 + 221110?
221110
In base 2, what is 100010000 - -100?
100010100
In base 12, what is -26 - -1a7?
181
In base 2, what is 1111100 + 10?
1111110
In base 4, what is -333 + 31?
-302
In base 2, what is 110110010 - 100?
110101110
In base 5, what is 24 + 23?
102
In base 6, what is -321 - 2?
-323
In base 15, what is -5 + -9?
-e
In base 16, what is -34 + 1?
-33
In base 7, what is -1101 - 1?
-1102
In base 14, what is -2b + -11?
-3c
In base 16, what is -4 - 120?
-124
In base 11, what is 1 - -29?
2a
In base 6, what is -3 + 20451?
20444
In base 15, what is -95e - 1?
-960
In base 12, what is 135 + 1?
136
In base 9, what is -38442 - -4?
-38437
In base 16, what is 7d - -65?
e2
In base 13, what is 1 + -26b?
-26a
In base 10, what is 234 + -2?
232
In base 15, what is 212 - c?
205
In base 13, what is 7574 - 4?
7570
In base 9, what is -3 + 57?
54
In base 6, what is -1435 + 3?
-1432
In base 9, what is -16 - 58?
-75
In base 15, what is -323 + 25?
-2ed
In base 5, what is -10 + 10231?
10221
In base 7, what is -4 - 165?
-202
In base 2, what is -111 - 1000000110?
-1000001101
In base 12, what is 3 + -295?
-292
In base 4, what is -300332 - 2?
-301000
In base 10, what is 30 - 12?
18
In base 7, what is 2 - 302?
-300
In base 7, what is 5 + 23005?
23013
In base 15, what is 8b5 + 7?
8bc
In base 15, what is 2 + 79?
7b
In base 16, what is -4 - 54?
-58
In base 14, what is -299 - -1?
-298
In base 15, what is -c3 + 5?
-bd
In base 8, what is 704 + -5?
677
In base 10, what is -5 + 320?
315
In base 9, what is 7282 - 4?
7277
In base 12, what is 4 - 2631?
-2629
In base 9, what is 15 - -4?
20
In base 9, what is -40 + 168?
128
In base 3, what is 22002112 - 12?
22002100
In base 9, what is -287 + 3?
-284
In base 3, what is 120 - -1012?
1202
In base 11, what is 894 + -3?
891
In base 7, what is -5 - -551?
543
In base 11, what is -9 + -12?
-20
In base 15, what is 0 - 203?
-203
In base 10, what is -3 - 50?
-53
In base 2, what is 1011001 + 11?
1011100
In base 6, what is 3 - 44?
-41
In base 16, what is 1 - -11?
12
In base 2, what is 101110 + 100011?
1010001
In base 8, what is -60 + 5?
-53
In base 14, what is 4 - 1a6?
-1a2
In base 16, what is 16 + -5?
11
In base 8, what is -3 - 117?
-122
In base 15, what is -77 + 11?
-66
In base 16, what is 4f1 + 2?
4f3
In base 12, what is a32 - 0?
a32
In base 5, what is 304 + 3?
312
In base 14, what is -2c8 + 3?
-2c5
In base 6, what is -5 + -125?
-134
In base 11, what is 3 - -2a41?
2a44
In base 14, what is 8 